{"id":29215,"date":"2024-09-07T18:55:30","date_gmt":"2024-09-07T16:55:30","guid":{"rendered":"https:\/\/wistitibox.be\/?page_id=29215"},"modified":"2024-11-19T20:30:07","modified_gmt":"2024-11-19T19:30:07","slug":"faq","status":"publish","type":"page","link":"https:\/\/wistitibox.be\/?page_id=29215","title":{"rendered":"FAQ"},"content":{"rendered":"<p>[et_pb_section fb_built=\u00a0\u00bb1&Prime; admin_label=\u00a0\u00bbFAQ\u00a0\u00bb _builder_version=\u00a0\u00bb4.19.5&Prime; _module_preset=\u00a0\u00bbdefault\u00a0\u00bb background_color=\u00a0\u00bbgcid-1bcf785a-50e1-437b-b09f-65567babc1de\u00a0\u00bb locked=\u00a0\u00bboff\u00a0\u00bb collapsed=\u00a0\u00bbon\u00a0\u00bb global_colors_info=\u00a0\u00bb{%22gcid-1bcf785a-50e1-437b-b09f-65567babc1de%22:%91%22background_color%22%93}\u00a0\u00bb][et_pb_row _builder_version=\u00a0\u00bb4.19.5&Prime; _module_preset=\u00a0\u00bbdefault\u00a0\u00bb max_width=\u00a0\u00bb800px\u00a0\u00bb global_colors_info=\u00a0\u00bb{}\u00a0\u00bb][et_pb_column type=\u00a0\u00bb4_4&Prime; _builder_version=\u00a0\u00bb4.19.2&Prime; _module_preset=\u00a0\u00bbdefault\u00a0\u00bb global_colors_info=\u00a0\u00bb{}\u00a0\u00bb][et_pb_text _builder_version=\u00a0\u00bb4.19.5&Prime; _module_preset=\u00a0\u00bba638b5f8-c3e8-4b88-8837-bd68c8b06ac5&Prime; global_colors_info=\u00a0\u00bb{}\u00a0\u00bb]<\/p>\n<h2>FAQ<\/h2>\n<p>[\/et_pb_text][et_pb_accordion icon_color=\u00a0\u00bb#0C71C3&Prime; _builder_version=\u00a0\u00bb4.24.0&Prime; _module_preset=\u00a0\u00bb48e78523-329e-495f-8a1e-38772b628d1d\u00a0\u00bb hover_enabled=\u00a0\u00bb0&Prime; locked=\u00a0\u00bboff\u00a0\u00bb global_colors_info=\u00a0\u00bb{%22gcid-f1f9244b-c8ab-43e1-95c3-c0bdf69ac7b5%22:%91%22open_toggle_background_color%22%93}\u00a0\u00bb border_width_all=\u00a0\u00bb0px\u00a0\u00bb border_width_top=\u00a0\u00bb2px\u00a0\u00bb border_color_all=\u00a0\u00bbrgba(255,255,255,0.16)\u00a0\u00bb sticky_enabled=\u00a0\u00bb0&Prime;][et_pb_accordion_item title=\u00a0\u00bbComment r\u00e9server la wistitibox?\u00a0\u00bb open=\u00a0\u00bboff\u00a0\u00bb _builder_version=\u00a0\u00bb4.24.0&Prime; _module_preset=\u00a0\u00bbdefault\u00a0\u00bb global_colors_info=\u00a0\u00bb{}\u00a0\u00bb]<\/p>\n<p>Vous pouvez nous contacter soit par t\u00e9l\u00e9phone au <a href=\"tel:081396415\">081 39 64 15<\/a> ou par e-mail \u00e0 l&rsquo;adresse suivante : <a target=\"_new\" rel=\"noopener\">location@wistitibox.be<\/a>.<\/p>\n<p>Vous avez \u00e9galement la possibilit\u00e9 de remplir notre formulaire en ligne. Nous vous enverrons un devis ainsi que la confirmation de la disponibilit\u00e9 de nos boxes.<\/p>\n<p>[\/et_pb_accordion_item][et_pb_accordion_item title=\u00a0\u00bbQuel moyen de paiement ?\u00a0\u00bb _builder_version=\u00a0\u00bb4.24.0&Prime; _module_preset=\u00a0\u00bbdefault\u00a0\u00bb global_colors_info=\u00a0\u00bb{}\u00a0\u00bb open=\u00a0\u00bboff\u00a0\u00bb]<\/p>\n<p><span>Nous acceptons les paiements par virement bancaire, carte de banque, Visa, Mastercard, Bancontact.<\/span><\/p>\n<p>[\/et_pb_accordion_item][et_pb_accordion_item title=\u00a0\u00bbPouvez-vous livrer la Wistitibox ?\u00a0\u00bb _builder_version=\u00a0\u00bb4.24.0&Prime; _module_preset=\u00a0\u00bbdefault\u00a0\u00bb global_colors_info=\u00a0\u00bb{}\u00a0\u00bb open=\u00a0\u00bbon\u00a0\u00bb]<\/p>\n<p><span>La livraison n\u2019est pas comprise dans nos prix. Nos locaux sont situ\u00e9s \u00e0 Namur, et la WistitiBox tient dans le coffre d\u2019une petite voiture.<\/span><br \/><span>Si vous avez besoin d\u2019une livraison, contactez-nous\u00a0<\/span><span>pour obtenir un devis.<\/span><\/p>\n<p>[\/et_pb_accordion_item][et_pb_accordion_item title=\u00a0\u00bbQuelle taille fait la Wistitibox ?\u00a0\u00bb _builder_version=\u00a0\u00bb4.24.0&Prime; _module_preset=\u00a0\u00bbdefault\u00a0\u00bb global_colors_info=\u00a0\u00bb{}\u00a0\u00bb open=\u00a0\u00bboff\u00a0\u00bb]<\/p>\n<p><span>La WistitiBox tient dans le coffre d\u2019une petite voiture.<\/span><br \/><span>Dimensions de l\u2019imprimante : 34(L)x56(P)x25(h) cm<\/span><br \/><span>Dimensions de la borne : 31.5(L)28(P)46.5(h) cm<\/span><\/p>\n<p>[\/et_pb_accordion_item][et_pb_accordion_item title=\u00a0\u00bbEst-ce compliqu\u00e9 \u00e0 installer ?\u00a0\u00bb _builder_version=\u00a0\u00bb4.24.0&Prime; _module_preset=\u00a0\u00bbdefault\u00a0\u00bb global_colors_info=\u00a0\u00bb{}\u00a0\u00bb open=\u00a0\u00bboff\u00a0\u00bb]<\/p>\n<p><span>Non, la box s\u2019installe en moins de 2 min top chrono, il vous suffira de brancher les deux c\u00e2bles d\u2019alimentation et celle-ci et pr\u00eate \u00e0 fonctionner et de mettre la box sur son tr\u00e9pied<\/span><\/p>\n<p>[\/et_pb_accordion_item][et_pb_accordion_item title=\u00a0\u00bbQue faire en cas de probl\u00e8me\u202f?\u00a0\u00bb _builder_version=\u00a0\u00bb4.24.0&Prime; _module_preset=\u00a0\u00bbdefault\u00a0\u00bb global_colors_info=\u00a0\u00bb{}\u00a0\u00bb open=\u00a0\u00bboff\u00a0\u00bb]<\/p>\n<p><span>Nous avons notre service technique, disponible du lundi au dimanche de 9h \u00e0 21h.<\/span><\/p>\n<p>[\/et_pb_accordion_item][et_pb_accordion_item title=\u00a0\u00bbComment changer le rouleau de papier? \u00a0\u00bb _builder_version=\u00a0\u00bb4.24.0&Prime; _module_preset=\u00a0\u00bbdefault\u00a0\u00bb hover_enabled=\u00a0\u00bb0&Prime; global_colors_info=\u00a0\u00bb{}\u00a0\u00bb open=\u00a0\u00bboff\u00a0\u00bb sticky_enabled=\u00a0\u00bb0&Prime;]<\/p>\n<p>Nous vous invitons \u00e0 visualiser la petite vid\u00e9o explicative. <a href=\"https:\/\/wistitibox.be\/wp-content\/uploads\/2024\/11\/Video-FAQ-Changementrouleau.mp4\" title=\"Vid\u00e9o - changement de rouleau\">Video &#8211; changement de rouleau<\/a><\/p>\n<p>[\/et_pb_accordion_item][\/et_pb_accordion][\/et_pb_column][\/et_pb_row][\/et_pb_section][et_pb_section fb_built=\u00a0\u00bb1&Prime; _builder_version=\u00a0\u00bb4.24.0&Prime; _module_preset=\u00a0\u00bbdefault\u00a0\u00bb background_color=\u00a0\u00bbgcid-1bcf785a-50e1-437b-b09f-65567babc1de\u00a0\u00bb locked=\u00a0\u00bboff\u00a0\u00bb global_colors_info=\u00a0\u00bb{%22gcid-1bcf785a-50e1-437b-b09f-65567babc1de%22:%91%22background_color%22%93}\u00a0\u00bb][et_pb_row _builder_version=\u00a0\u00bb4.24.0&Prime; _module_preset=\u00a0\u00bbdefault\u00a0\u00bb global_colors_info=\u00a0\u00bb{}\u00a0\u00bb][et_pb_column type=\u00a0\u00bb4_4&Prime; _builder_version=\u00a0\u00bb4.24.0&Prime; _module_preset=\u00a0\u00bbdefault\u00a0\u00bb global_colors_info=\u00a0\u00bb{}\u00a0\u00bb][et_pb_text _builder_version=\u00a0\u00bb4.24.0&Prime; _module_preset=\u00a0\u00bbdefault\u00a0\u00bb text_text_color=\u00a0\u00bb#FFFFFF\u00a0\u00bb header_2_text_color=\u00a0\u00bb#FFFFFF\u00a0\u00bb header_4_text_color=\u00a0\u00bb#0C71C3&Prime; global_colors_info=\u00a0\u00bb{}\u00a0\u00bb]<\/p>\n<h2>Utilisation<\/h2>\n<h4><strong>L\u2019impression illimit\u00e9e est-elle disponible ?<\/strong><\/h4>\n<p>Nous consid\u00e9rons une moyenne de 250 impressions par \u00e9v\u00e9nement, vous n\u2019avez pas \u00e0 avoir peur de manquer de photos en prenant l\u2019option 400 prints. Nous vous garantissons des heures et des heures de fun avec la Wistitibox.<\/p>\n<h4><strong>Avons-nous une limite d\u2019utilisation ?<\/strong><\/h4>\n<p>Votre \u00e9v\u00e9nement se passe un week-end ? La Wistitibox fonctionne du vendredi au dimanche soir sans limites ! La limite d\u2019impression est la seule limite r\u00e9elle.<\/p>\n<h4><strong>Est-ce que je peux personnaliser les photos<\/strong><\/h4>\n<p><span>Avec notre service de graphisme, nous collaborons avec vous pour d\u00e9finir le type de design souhait\u00e9 et les informations \u00e0 inclure. Une fois que vous avez donn\u00e9 votre approbation, nous finalisons le visuel pour votre \u00e9v\u00e9nement. De plus, vous avez la possibilit\u00e9 de faire des modifications jusqu&rsquo;\u00e0 peu avant la prise en charge de votre Box.<\/span><\/p>\n<h4><strong>Puis-je r\u00e9cup\u00e9rer mes images et partager mes photos ?<\/strong><\/h4>\n<p>La WistitiBox est connect\u00e9e \u00e0 internet et les photos sont disponibles en temps r\u00e9el sur une galerie web priv\u00e9e. Elles resteront disponibles pendant 6 mois.<br \/>Durant l\u2019\u00e9v\u00e9nement, vous pouvez envoyer vos photos et vid\u00e9os sur votre num\u00e9ro WhatsApp et votre adresse email.<\/p>\n<h4><strong>Quel format d\u2019impression choisir\u00a0<\/strong><\/h4>\n<p>Vous aurez le choix entre\u00a0 3 formats d\u2019impression :<\/p>\n<p>10\u00d715 avec 4 photos<\/p>\n<p>10\u00d715 avec 1 photo<\/p>\n<p>2 bandes 5\u00d715 avec 3 photos.<\/p>\n<h4><strong>Avons-nous besoin d\u2019\u00e9clairage ?\u00a0<\/strong><\/h4>\n<p>La WistitiBox inclut d\u00e9j\u00e0 un \u00e9clairage led continu pour vous assurer d\u2019avoir des photos de super qualit\u00e9.<\/p>\n<h4><strong>Avons-nous besoin d\u2019une connexion internet<\/strong><\/h4>\n<p>Une connexion internet est pr\u00e9vue.<\/p>\n<p>[\/et_pb_text][\/et_pb_column][\/et_pb_row][\/et_pb_section]<\/p>\n","protected":false},"excerpt":{"rendered":"<p>FAQVous pouvez nous contacter soit par t\u00e9l\u00e9phone au 081 39 64 15 ou par e-mail \u00e0 l&rsquo;adresse suivante : location@wistitibox.be. Vous avez \u00e9galement la possibilit\u00e9 de remplir notre formulaire en ligne. Nous vous enverrons un devis ainsi que la confirmation de la disponibilit\u00e9 de nos boxes.Nous acceptons les paiements par virement bancaire, carte de banque, [&hellip;]<\/p>\n","protected":false},"author":1,"featured_media":0,"parent":0,"menu_order":0,"comment_status":"closed","ping_status":"closed","template":"","meta":{"_et_pb_use_builder":"on","_et_pb_old_content":"","_et_gb_content_width":"","footnotes":""},"class_list":["post-29215","page","type-page","status-publish","hentry"],"yoast_head":"<!-- This site is optimized with the Yoast SEO Premium plugin v22.7 (Yoast SEO v27.5) - https:\/\/yoast.com\/product\/yoast-seo-premium-wordpress\/ -->\n<title>Profitez des Photomatons \u00e0 Louer pour vos \u00e9v\u00e9nements - Wistitibox<\/title>\n<meta name=\"description\" content=\"Louez nos photomatons \u00e0 louer avec papier 10x15 et bandes 5x15, accessoires, filtres photos, gifs anim\u00e9s, vid\u00e9os, 4G, stockage et partage web\" \/>\n<meta name=\"robots\" content=\"index, follow, max-snippet:-1, max-image-preview:large, max-video-preview:-1\" \/>\n<link rel=\"canonical\" href=\"https:\/\/wistitibox.be\/?page_id=29215\" \/>\n<meta property=\"og:locale\" content=\"fr_FR\" \/>\n<meta property=\"og:type\" content=\"article\" \/>\n<meta property=\"og:title\" content=\"FAQ\" \/>\n<meta property=\"og:description\" content=\"Louez nos photomatons \u00e0 louer avec papier 10x15 et bandes 5x15, accessoires, filtres photos, gifs anim\u00e9s, vid\u00e9os, 4G, stockage et partage web\" \/>\n<meta property=\"og:url\" content=\"https:\/\/wistitibox.be\/?page_id=29215\" \/>\n<meta property=\"og:site_name\" content=\"Wistitibox\" \/>\n<meta property=\"article:publisher\" content=\"https:\/\/www.facebook.com\/profile.php?id=100093981122246\" \/>\n<meta property=\"article:modified_time\" content=\"2024-11-19T19:30:07+00:00\" \/>\n<meta name=\"twitter:card\" content=\"summary_large_image\" \/>\n<script type=\"application\/ld+json\" class=\"yoast-schema-graph\">{\"@context\":\"https:\\\/\\\/schema.org\",\"@graph\":[{\"@type\":\"WebPage\",\"@id\":\"https:\\\/\\\/wistitibox.be\\\/?page_id=29215\",\"url\":\"https:\\\/\\\/wistitibox.be\\\/?page_id=29215\",\"name\":\"Profitez des Photomatons \u00e0 Louer pour vos \u00e9v\u00e9nements - Wistitibox\",\"isPartOf\":{\"@id\":\"https:\\\/\\\/wistitibox.be\\\/#website\"},\"datePublished\":\"2024-09-07T16:55:30+00:00\",\"dateModified\":\"2024-11-19T19:30:07+00:00\",\"description\":\"Louez nos photomatons \u00e0 louer avec papier 10x15 et bandes 5x15, accessoires, filtres photos, gifs anim\u00e9s, vid\u00e9os, 4G, stockage et partage web\",\"breadcrumb\":{\"@id\":\"https:\\\/\\\/wistitibox.be\\\/?page_id=29215#breadcrumb\"},\"inLanguage\":\"fr-FR\",\"potentialAction\":[{\"@type\":\"ReadAction\",\"target\":[\"https:\\\/\\\/wistitibox.be\\\/?page_id=29215\"]}]},{\"@type\":\"BreadcrumbList\",\"@id\":\"https:\\\/\\\/wistitibox.be\\\/?page_id=29215#breadcrumb\",\"itemListElement\":[{\"@type\":\"ListItem\",\"position\":1,\"name\":\"Accueil\",\"item\":\"https:\\\/\\\/wistitibox.be\\\/\"},{\"@type\":\"ListItem\",\"position\":2,\"name\":\"FAQ\"}]},{\"@type\":\"WebSite\",\"@id\":\"https:\\\/\\\/wistitibox.be\\\/#website\",\"url\":\"https:\\\/\\\/wistitibox.be\\\/\",\"name\":\"Wistitibox\",\"description\":\"Le photomaton qui vous fait sourire !\",\"publisher\":{\"@id\":\"https:\\\/\\\/wistitibox.be\\\/#organization\"},\"potentialAction\":[{\"@type\":\"SearchAction\",\"target\":{\"@type\":\"EntryPoint\",\"urlTemplate\":\"https:\\\/\\\/wistitibox.be\\\/?s={search_term_string}\"},\"query-input\":{\"@type\":\"PropertyValueSpecification\",\"valueRequired\":true,\"valueName\":\"search_term_string\"}}],\"inLanguage\":\"fr-FR\"},{\"@type\":\"Organization\",\"@id\":\"https:\\\/\\\/wistitibox.be\\\/#organization\",\"name\":\"Wistitibox\",\"url\":\"https:\\\/\\\/wistitibox.be\\\/\",\"logo\":{\"@type\":\"ImageObject\",\"inLanguage\":\"fr-FR\",\"@id\":\"https:\\\/\\\/wistitibox.be\\\/#\\\/schema\\\/logo\\\/image\\\/\",\"url\":\"https:\\\/\\\/wistitibox.be\\\/wp-content\\\/uploads\\\/2023\\\/06\\\/logo-profil.png\",\"contentUrl\":\"https:\\\/\\\/wistitibox.be\\\/wp-content\\\/uploads\\\/2023\\\/06\\\/logo-profil.png\",\"width\":5064,\"height\":5925,\"caption\":\"Wistitibox\"},\"image\":{\"@id\":\"https:\\\/\\\/wistitibox.be\\\/#\\\/schema\\\/logo\\\/image\\\/\"},\"sameAs\":[\"https:\\\/\\\/www.facebook.com\\\/profile.php?id=100093981122246\",\"https:\\\/\\\/www.instagram.com\\\/wistitibox\\\/\"]}]}<\/script>\n<!-- \/ Yoast SEO Premium plugin. -->","yoast_head_json":{"title":"Profitez des Photomatons \u00e0 Louer pour vos \u00e9v\u00e9nements - Wistitibox","description":"Louez nos photomatons \u00e0 louer avec papier 10x15 et bandes 5x15, accessoires, filtres photos, gifs anim\u00e9s, vid\u00e9os, 4G, stockage et partage web","robots":{"index":"index","follow":"follow","max-snippet":"max-snippet:-1","max-image-preview":"max-image-preview:large","max-video-preview":"max-video-preview:-1"},"canonical":"https:\/\/wistitibox.be\/?page_id=29215","og_locale":"fr_FR","og_type":"article","og_title":"FAQ","og_description":"Louez nos photomatons \u00e0 louer avec papier 10x15 et bandes 5x15, accessoires, filtres photos, gifs anim\u00e9s, vid\u00e9os, 4G, stockage et partage web","og_url":"https:\/\/wistitibox.be\/?page_id=29215","og_site_name":"Wistitibox","article_publisher":"https:\/\/www.facebook.com\/profile.php?id=100093981122246","article_modified_time":"2024-11-19T19:30:07+00:00","twitter_card":"summary_large_image","schema":{"@context":"https:\/\/schema.org","@graph":[{"@type":"WebPage","@id":"https:\/\/wistitibox.be\/?page_id=29215","url":"https:\/\/wistitibox.be\/?page_id=29215","name":"Profitez des Photomatons \u00e0 Louer pour vos \u00e9v\u00e9nements - Wistitibox","isPartOf":{"@id":"https:\/\/wistitibox.be\/#website"},"datePublished":"2024-09-07T16:55:30+00:00","dateModified":"2024-11-19T19:30:07+00:00","description":"Louez nos photomatons \u00e0 louer avec papier 10x15 et bandes 5x15, accessoires, filtres photos, gifs anim\u00e9s, vid\u00e9os, 4G, stockage et partage web","breadcrumb":{"@id":"https:\/\/wistitibox.be\/?page_id=29215#breadcrumb"},"inLanguage":"fr-FR","potentialAction":[{"@type":"ReadAction","target":["https:\/\/wistitibox.be\/?page_id=29215"]}]},{"@type":"BreadcrumbList","@id":"https:\/\/wistitibox.be\/?page_id=29215#breadcrumb","itemListElement":[{"@type":"ListItem","position":1,"name":"Accueil","item":"https:\/\/wistitibox.be\/"},{"@type":"ListItem","position":2,"name":"FAQ"}]},{"@type":"WebSite","@id":"https:\/\/wistitibox.be\/#website","url":"https:\/\/wistitibox.be\/","name":"Wistitibox","description":"Le photomaton qui vous fait sourire !","publisher":{"@id":"https:\/\/wistitibox.be\/#organization"},"potentialAction":[{"@type":"SearchAction","target":{"@type":"EntryPoint","urlTemplate":"https:\/\/wistitibox.be\/?s={search_term_string}"},"query-input":{"@type":"PropertyValueSpecification","valueRequired":true,"valueName":"search_term_string"}}],"inLanguage":"fr-FR"},{"@type":"Organization","@id":"https:\/\/wistitibox.be\/#organization","name":"Wistitibox","url":"https:\/\/wistitibox.be\/","logo":{"@type":"ImageObject","inLanguage":"fr-FR","@id":"https:\/\/wistitibox.be\/#\/schema\/logo\/image\/","url":"https:\/\/wistitibox.be\/wp-content\/uploads\/2023\/06\/logo-profil.png","contentUrl":"https:\/\/wistitibox.be\/wp-content\/uploads\/2023\/06\/logo-profil.png","width":5064,"height":5925,"caption":"Wistitibox"},"image":{"@id":"https:\/\/wistitibox.be\/#\/schema\/logo\/image\/"},"sameAs":["https:\/\/www.facebook.com\/profile.php?id=100093981122246","https:\/\/www.instagram.com\/wistitibox\/"]}]}},"_links":{"self":[{"href":"https:\/\/wistitibox.be\/index.php?rest_route=\/wp\/v2\/pages\/29215","targetHints":{"allow":["GET"]}}],"collection":[{"href":"https:\/\/wistitibox.be\/index.php?rest_route=\/wp\/v2\/pages"}],"about":[{"href":"https:\/\/wistitibox.be\/index.php?rest_route=\/wp\/v2\/types\/page"}],"author":[{"embeddable":true,"href":"https:\/\/wistitibox.be\/index.php?rest_route=\/wp\/v2\/users\/1"}],"replies":[{"embeddable":true,"href":"https:\/\/wistitibox.be\/index.php?rest_route=%2Fwp%2Fv2%2Fcomments&post=29215"}],"version-history":[{"count":4,"href":"https:\/\/wistitibox.be\/index.php?rest_route=\/wp\/v2\/pages\/29215\/revisions"}],"predecessor-version":[{"id":29235,"href":"https:\/\/wistitibox.be\/index.php?rest_route=\/wp\/v2\/pages\/29215\/revisions\/29235"}],"wp:attachment":[{"href":"https:\/\/wistitibox.be\/index.php?rest_route=%2Fwp%2Fv2%2Fmedia&parent=29215"}],"curies":[{"name":"wp","href":"https:\/\/api.w.org\/{rel}","templated":true}]}}